+ 113. Is p a composite number?
False
Suppose 5*f - k - 34 = 0, -5*f = -0*k - 4*k - 31. Let q(g) = g**2 - 4*g - 4. Let z be q(f). Suppose -z = -2*j + 13. Is j prime?
False
Let q(v) = 45*v**2 + 2*v - 4. Let y(k) = -k**2 + 4*k - 1. Let r(f) = f**2 - 18*f + 19. Let p be r(17). Let h be y(p). Is q(h) a composite number?
True
Let w = -2503 - -5936. Is w a composite number?
False
Let r be (10*(-6)/16)/((-1)/(-4)). Let h(z) = 2*z**2 + 14*z + 19. Is h(r) prime?
False
Let v be ((-2)/4)/((-16)/1024). Suppose 0 = -6*a + 10*a - v. Let h(m) = 7*m**2 + m + 11. Is h(a) a composite number?
False
Let a(b) = -1. Let g(c) = -17*c**2 - 1. Let s(r) = -5*a(r) + g(r). Let v(k) = k + 1. Let p(q) = -s(q) + 2*v(q). Is p(-3) a prime number?
False
Let x(y) = 1 - y**2 + 6*y - y + 1. Let r be x(5). Suppose 0 = r*p + p - 489. Is p a composite number?
False
Suppose 3*x = -5208 + 17139. Is x a composite number?
True
Let k(j) = 3*j**2 - 10. Let h be 2 - 2*(-3 - -4). Suppose h = -3*x - 3*n + 3, -5*n = x + 14 + 1. Is k(x) composite?
True
Let u(p) be the third derivative of 17*p**5/4 - p**4/8 - p**3/6 + 12*p**2. Is u(-1) prime?
True
Suppose 0 = 4*c + 12 - 8. Suppose 0 = -4*d + 163 - 1455. Is (d/(-2))/(c/(-2)) composite?
True
Suppose 31*g - 7993 = 30*g. Is g a prime number?
True
Let u(y) = -5*y - 5. Let v be u(-1). Suppose -16620 = -2*p - 2*p. Suppose -5*m + p = -v*m. Is m composite?
True
Let n = 755 + -1449. Let f = 2011 - n. Is f a prime number?
False
Let w = 87 + -89. Is 695 + ((6 + w)*-1 - 0) a composite number?
False
Let n = -21 + 21. Suppose n*l - 5*w + 8 = 3*l, -5*l + 5*w - 40 = 0. Is l + (-4 - -213) + 0 a composite number?
True
Let v = -18729 - -49022. Is v a composite number?
False
Let d(j) = 207*j + 374. Is d(21) prime?
True
Suppose 27 = 4*v - 389. Suppose 0 = -3*o + 5*w + 48, -3*o - 2*w + 34 = -35. Let q = v - o. Is q composite?
False
Suppose 7*t + 435 + 1777 = 0. Let c = -219 - t. Is c a composite number?
False
Let r = 9843 + -6398. Suppose -4*g = -9*g + r. Is g composite?
True
Let f(t) = -46*t + 5. Let i be f(-7). Let r be 1/(-2) - i/(-6). Let d = r - -629. Is d prime?
True
Let y(j) = 35628*j - 19. Is y(1) composite?
True
Let x = 1861 + 568. Is x a composite number?
True
Let p be ((-11)/(-4))/((63/(-28))/9). Let m(h) = -6 - h**3 - 8*h**2 + 2*h - 2 - 2*h**2. Is m(p) composite?
True
Let r(i) = 8*i**2 + 14*i + 2. Let w(s) = 9*s**2 + 14*s + 1. Let o(d) = 6*r(d) - 5*w(d). Is o(-6) prime?
True
Suppose -41*v = -48*v + 33999. Is v a prime number?
False
Suppose 2865 - 273 = 6*j. Let h = j - 623. Is h/(-3 + 0 + 2) composite?
False
Suppose -2*t = 5*g - 191, -3*g - 2*t = -9 - 104. Let z = 52 + g. Is z a composite number?
True
Suppose 4*k = k - 3*n + 792, -3*k + 5*n = -800. Is k prime?
False
Let f be ((-8)/24)/(1/(-243)). Let p = f - 50. Is p composite?
False
Let q(o) = 77*o**2 + 2*o. Let a(i) = -462*i**2 - 12*i. Let c(k) = -6*a(k) - 34*q(k). Let x be c(-3). Let b = x + -463. Is b a prime number?
True
Let f(i) = -12184*i - 51. Is f(-2) a prime number?
True
Is ((-51873)/15)/((-8)/40) a prime number?
True
Let b(g) be the third derivative of g**5/60 + g**4/24 + 137*g**3/3 - 10*g**2. Is b(0) a composite number?
True
Suppose -3666 = -8*t + 10694. Is t a prime number?
False
Let q = 47 - 1292. Let m = -512 - q. Is m composite?
False
Let m = 178 + -1. Let q = m - -456. Is q a composite number?
True
Suppose 2 = 3*u - 3*w + 2*w, w + 6 = -u. Let d(r) = 317*r**2 + r + 1. Let y be d(u). Let v = y - 94. Is v a prime number?
True
Let n(z) = 2*z**2 - 6*z - 4. Let j be n(5). Suppose -j*c + 15*c + 877 = 0. Is c a prime number?
True
Suppose 7 = -3*w + 16. Suppose w*v = 2*h + 8, -3*h = h - 2*v. Suppose h*k - 349 = 489. Is k prime?
True
Let n(d) = d**3 + 58. Suppose 0 = 3*c - 4 - 5. Let y(h) = h - 3. Let a be y(c). Is n(a) prime?
False
Let q(o) be the second derivative of -o**5/20 + 3*o**4/4 - o**3 - 5*o**2/2 + 4*o. Is q(4) a composite number?
True
Let c(z) = -z**2 + 3*z + 1. Let s be c(3). Let u be -3*s - (504 - -5). Let i = u + 1021. Is i prime?
True
Suppose 2*y - 10899 = -19*y. Is y prime?
False
Let q(o) = 78*o**2 - 5. Let v be q(4). Suppose -6 = 3*w, 4*u - 1535 - 427 = -3*w. Let d = v - u. Is d composite?
False
Suppose -p - 5*n + 4854 = 0, 4*p - 4*n - n = 19491. Suppose -18*x + p = -9*x. Is x a composite number?
False
Suppose -o = 6*m - 4*m - 9402, -18804 = -4*m + 5*o. Is m composite?
True
Let i(d) = 91*d + 15. Let s(w) be the second derivative of -46*w**3/3 - 8*w**2 + 8*w. Let o(m) = -5*i(m) - 4*s(m). Is o(-8) a composite number?
True
Let b = -16 + 21. Suppose 448 = 4*v - 4*r, -165 + 65 = -v + b*r. Is v prime?
False
Let b be (3 - (-37)/1)/(5/20). Let u = b + -73. Is u composite?
True
Suppose -3*l - 11394 = -3*y, -7566 = 2*y - 4*y - 4*l. Is y prime?
True
Suppose -t - 2*q + 1023 = 0, 0*q - 3*q = -2*t + 2032. Suppose t = 9*c - 880. Is c a prime number?
True
Let v = 5 + -2. Let j be 2 + (119 - 3) + v. Let f = 230 - j. Is f composite?
False
Suppose 5*m + 0*m + 5*d = 8680, 0 = d - 3. Is m a composite number?
False
Suppose -3*q + 3*j + 190257 = 0, -30303 = -3*q - 2*j + 159954. Is q composite?
False
Let v(y) = 27*y**3 + 7*y**2 + y - 2. Let u(m) = -1 + 12*m**3 - 14*m**3 + 16*m**3 + 3*m**2. Let r(k) = 5*u(k) - 2*v(k). Is r(2) a prime number?
True
Let h(k) be the first derivative of k**2 + 17*k + 5. Let a be h(-7). Is 3014/6 - (-2)/a a composite number?
False
Let k = -8125 + 16272. Is k prime?
True
Let z be (4 + (-1)/1)*1. Suppose z*p - 4*p = -877. Is p a prime number?
True
Suppose -y = -3*y + 22. Let n(s) = -s**2 + 2*s - 15. Let p be n(y). Let z = p - -241. Is z prime?
True
Let m be (-7740)/(-42) - (-8)/(-28). Let c = m + 771. Is c a composite number?
True
Let s(d) = -431*d + 4. Let a be s(-4). Let m = 1499 + a. Is m prime?
False
Suppose -3*j + 23 = 104. Let n = j - -1. Let f = 135 - n. Is f a composite number?
True
Suppose 12*w - 14 = 10*w. Suppose w*x = -9*x + 16304. Is x a prime number?
True
Let n(y) = -y**3 + 7*y**2 + 9*y - 8. Let i be n(8). Suppose i = 7*v - 5*v - 8. Let u = v + 6. Is u a composite number?
True
Let j be (15/9)/(15/18). Is (10 + (-1 - j))*97 a prime number?
False
Is (-1)/((-6024)/(-2010) + -3) a prime number?
False
Let d(t) = 134*t + 45. Is d(7) a composite number?
False
Suppose 20024 = 18*j - 10*j. Is j composite?
False
Let l be 2*1*(-3)/6. Let g be ((-6)/l)/(4 - 2). Let w(o) = 37*o - 2. Is w(g) a prime number?
True
Is ((19586/21)/2)/(1/3) a composite number?
False
Is 81344*1 + 23 + -36 a prime number?
True
Let v(x) = -8*x**3 + x**2 - x + 1. Let f be v(1). Let h be f*(52/14 + -4). Suppose 536 = h*z + 204. Is z prime?
False
Suppose 18*m = 15*m + 3. Is (-29)/m*3/(-1) a prime number?
False
Let j = 78 - 41. Suppose k + 450 = 5*x, -k - 123 + j = -x. Is x a composite number?
True
Suppose 0 = -4*y + 4, 4*m - 4*y = -0*y + 520. Is m composite?
False
Is (-10)/(-4)*(249552/(-60))/(-6) prime?
True
Suppose -2*d - 64 = -168. Let x = d + 45. Is x a prime number?
True
Let q(s) = 2*s**2 - 12*s + 23. Suppose 5*u = -y - 57, 2*u + 2*y + 26 = -0*y. Is q(u) composite?
False
Suppose -5*c = 5*v - 55, -5*c = -c + 4. Let r = 9 - v. Let b(i) = -3*i**3 + i**2 + 2*i - 1. Is b(r) a prime number?
True
Let v(a) = -4*a**2. Let o be v(1). Is 218/(-8)*(0 + o) composite?
False
Let s(j) = 4*j - 7. Let h be s(3). Suppose -3*x - 4*f + 931 = 0, h*x - 1591 + 45 = -f. Is x a prime number?
False
Suppose 0 = 2*w - 2*o - 50872, -24*o + 20*o + 12 = 0. Is w composite?
False
Suppose 7*h - h + 396 = 0. Let v = 439 + h. Is v a composite number?
False
Let r(q) = 5*q + 2*q + 5*q - 3*q - 15. Let z(c) = -5*c + 8. Let j(o) = 6*r(o) + 10*z(o). Is j(9) composite?
True
Let y(i) = 19*i**2 - 38*i + 26. Is y(-18) prime?
False
Let h(y) be the first derivative of y**4/4 + 11*y**3/3 - 5*y**2/2 + 8*y + 10. Is h(-10) prime?
False
Let z(x) = 6*x**3 + x**2 - 4*x. Let n(f) = f**3 + 6*f**2 - 7*f + 3. Let j be 4 + -1 + (-10)/1. Let s be n(j). Is z(s) a composite number?
True
Let c(y) = y**3 + 26*y**2 + 23*y + 131. Is c(35) a prime number?
False
Let u(p) = p + 1. Suppose -5*w + 13 = -4*r, -w = r + 4*r + 9. Let c be u(w). Suppose 0 = -c*y - 4*y + 714. Is y a prime number?
False
Is (8 + 273/(-35))*21865 a prime number?
True
Suppose o = -l + 669, -2*o = -3 - 5. Suppose 4*s = 3*j - l, 2*j - 3*s = j + 220. Is j a prime number?
True
Let f(w) = 494*w**2 - 7